Let y(m) be the third derivative of -m**5/30 + 5*m**4/24 - 2*m**3/3 - 13*m**2. Calculate y(f).
-7
Let h(n) = 2*n - 5. Suppose -3*v = 4*w - 16, -49*v = -47*v. Determine h(w).
3
Suppose 23*q = 21*q - 42. Let f = -22 - q. Let d(l) = -3*l + 1. Give d(f).
4
Let v be 2/(-7) + 14/(-147)*39. Let m(r) = 7*r**2 + 10*r + 5. Let j(w) = 6*w**2 + 9*w + 5. Let b(a) = 4*j(a) - 3*m(a). What is b(v)?
29
Suppose -9178*b + 9173*b + 10 = 0. Let q = -6 - -11. Let j(t) = q - t + 2*t - 3. Calculate j(b).
4
Let p = 8 + -6. Let b(k) be the third derivative of k**6/60 - k**4/24 + 12*k**2. Determine b(p).
14
Let o(y) = y**2. Let v be o(3). Suppose 18 = 3*g + v. Let c(z) = z - 2. What is c(g)?
1
Let c(u) = 5*u**2 + u + 1. Let k be c(-1). Let t(r) be the first derivative of 2*r**3 + 2 - 2*r**2 - 1/4*r**4 - r. Calculate t(k).
4
Let j(u) = -4*u - 3. Suppose -12 = -y - 3*c, -18 = -5*y - 7*c + 6*c. Give j(y).
-15
Let n(v) = 2*v. Let h = -11 - -6. Let z be 1*3*h/3. What is n(z)?
-10
Let d be (13 + -4 + -4)/(-2 + 3). Let k(i) = -i - 3. Give k(d).
-8
Let j = -11 + 15. Let f(q) = -q**2 + 5*q + 1. Let w(p) = 3*p**2 - 14*p - 4. Let o be 2/(-4) + (-18)/(-4). Let n(i) = o*w(i) + 11*f(i). Determine n(j).
7
Suppose 52*z + 118 - 66 = 0. Let w(f) = 4*f - 1. Calculate w(z).
-5
Let v = 26 - 24. Let n(x) = 6 - v*x**2 + 5*x - 4*x + 5*x**2. Let z(w) = -1. Let m(s) = n(s) + 4*z(s). Calculate m(-2).
12
Let j(i) = i**2 - 16*i + 15. Suppose 0 = -2*a - 3*f + 26, 4*f + 263 - 241 = 3*a. Give j(a).
-45
Suppose -11*m - 4 = -48. Let r(a) = 6*a + a**3 - 2*a**2 - 5*a**2 - 1 - a**2 + 3*a**2. Give r(m).
7
Let j(f) = f**3 - 4*f**2 - 7*f + 1. Suppose -12*a - 50*a = -310. What is j(a)?
-9
Let b(v) be the second derivative of -v**5/20 + 5*v**4/12 + v**3/3 - v**2/2 + 551*v. Determine b(5).
9
Let j = 23 + -18. Let g(t) = 4 - 6 + 0 - t**3 + j*t + t + 4*t**2. Give g(5).
3
Suppose 2 = -4*l - h - h, -4*h = -3*l + 26. Let f(s) = -7*s + 3. Calculate f(l).
-11
Let a(r) = r - 6. Suppose -22 + 22 = 8*k. What is a(k)?
-6
Let y(c) = c**3 - 8*c**2 - c - 3. Let j = -170 + 178. Give y(j).
-11
Let c(t) = -9*t + 3 + 7*t**2 - 3*t**2 + 0*t + 5*t - 2*t**3. Suppose v - 4*l - 22 = 0, 0 = v + 19*l - 16*l + 13. Determine c(v).
-5
Let d(v) = 36 - 9*v**2 + 2*v + 8*v**2 + v - 41. Give d(7).
-33
Suppose 0 = -6*v + 3*v + 9. Let c be 0/v + 5 - 0. Let r(a) = -a + 7. Calculate r(c).
2
Let t be 2 + (0 + -3)*-1. Let d be (((-48)/10)/(-3))/(2/t). Let u(v) = v - 4. Calculate u(d).
0
Let p(x) be the first derivative of x**5/20 + 5*x**4/12 + x**3/2 + 3*x - 17. Let y(h) be the first derivative of p(h). What is y(-5)?
-15
Let v(n) = 5*n. Let o(k) = k**2 - 3*k - 6. Let g be o(5). Suppose 0 = 3*i - 5*u + 30, g*i + 3*u + 2*u = -75. Let m = -14 - i. Determine v(m).
5
Let r(z) = z**3 + 10*z**2 + 5. Let j(y) = -4*y**2 - 5*y - 4. Let f be j(-2). Let x be r(f). Let d(b) = 2 + b + 0 + 0*b. Calculate d(x).
7
Let d(v) be the second derivative of v**4/6 - 2*v**3/3 + v**2 + 198*v. Give d(3).
8
Let g(a) be the third derivative of a**4/6 + a**3/2 + 196*a**2. Calculate g(5).
23
Let n(c) = 3*c - 2*c + 6 - 4. Let b be n(5). Let k(l) = l - l**2 + 6*l + l - 4. Give k(b).
3
Let q = 1 + 1. Suppose 3*z - 20 = -q*z. Let s(t) = -t**3 + t + 437 - 885 - 2*t + 4*t**2 + 446. What is s(z)?
-6
Let j(g) = 3*g**2 + 0*g + 4*g - g**3 + g**2 - 6. Let s be (-8)/((-8)/33) - 3. Suppose -44*a + s = -38*a. Determine j(a).
-11
Let d(k) = -k**3 - 8*k**2 + 8*k - 15. Let b be -1 - 2 - (81 - -3)/14. Give d(b).
-6
Let x(u) = u + 1. Let f(p) = 6*p**2 + 2*p - 1. Let a(r) = f(r) + 3*x(r). Calculate a(-1).
3
Let v(g) = g**2 - 6*g + 2. Let p(u) = u**3 - 8*u**2 + 8*u. Suppose -s + 1 = -6. Let x be p(s). Calculate v(x).
9
Let z(p) = 118 - 12*p - p**2 + 7*p - 105. What is z(-8)?
-11
Let p be 98/49 - (-22)/(-12). Let f(t) be the second derivative of 0 - 1/20*t**5 - 1/12*t**4 + t - p*t**3 + 4*t**2. Give f(0).
8
Let d(i) = 301 - 600 - i**2 - 2*i + 303. Let o(h) = h**3 + 5*h**2 - 8*h - 8. Let x be o(-6). What is d(x)?
-20
Let n(y) = -3*y**3 + 6*y**2 - 4. Let a be n(2). Let k(g) = g**3 + 5*g**2 + 4*g - 5. Give k(a).
-5
Let l(c) = -13*c + 44. Let s be l(3). Let f(r) be the third derivative of r**5/60 - r**4/3 + 7*r**3/6 + 10*r**2. What is f(s)?
-8
Let o(n) = -17*n**2 + 31*n - 34. Let s(g) = -12*g**2 + 21*g - 23. Let l(p) = 5*o(p) - 7*s(p). Determine l(7).
-2
Let t = 258 - 257. Let p(i) = -3*i**2 + 3*i - 2. Give p(t).
-2
Let o = -34 + 47. Let y be 4 + (39/52 - (-13)/4). Suppose -f - o = -y. Let d(j) = j**3 + 4*j**2 - 3*j - 5. What is d(f)?
-15
Let r = -1 + -2. Let l(w) be the first derivative of -w**2/2 - w + 14. Calculate l(r).
2
Let w(y) be the second derivative of y**3/6 - 3*y**2/2 + 7*y - 2. Determine w(-4).
-7
Let n = -1557 + 1562. Let l(d) = 5*d**3 + 10*d**2 - 4*d - 26. Let r(f) = 3*f**3 + 7*f**2 - 3*f - 17. Let a(o) = -5*l(o) + 8*r(o). What is a(n)?
-1
Let c(p) = 8*p**2 + 8*p. Let i(g) = 3*g**2 + 3*g. Let h(f) = 4*c(f) - 11*i(f). What is h(-2)?
-2
Let v(r) = r**3 - 4*r**2 + 2*r. Let h be (-20)/70 - (-32)/14. Let l be (3 - 5) + h + 5. Suppose l + 11 = 4*d, -4*s = -d - 8. Give v(s).
-3
Let g = 32 - 37. Let n(k) = 9*k**3 + 5. Let a(v) = -9*v**3 - 4. Suppose 0*y - y = 6. Let p(d) = g*n(d) + y*a(d). Calculate p(-1).
-10
Let j(x) = 32*x**2 - 7 - x - 13 + 20. Give j(1).
31
Let z(m) = m**3 - 13. Suppose 0 = -8*a + 3*a - 5. Let s(i) = -3*i - 3. Let b be s(a). What is z(b)?
-13
Suppose -3*t - 16 - 8 = 0. Let s(j) = 2*j. Calculate s(t).
-16
Suppose 2*y = -2*y - 12, 3*a - 18 = 2*y. Let r(c) be the first derivative of 4/3*c**3 + 0*c - 5 + 1/4*c**a + 1/2*c**2. What is r(-3)?
6
Let w(y) be the first derivative of -6*y + 4*y + 5*y**3 + 2*y + y**2 + 14 - y. What is w(1)?
16
Let f = 18 + -7. Suppose -23*y + 57 - f = 0. Let s(g) = -g**2 + g + 1. Let w(j) = -4*j**2 + 6*j - 1. Let a(u) = 2*s(u) - w(u). Give a(y).
3
Let r(g) = 3*g - 22 - 2*g + 7 + 11. Give r(-10).
-14
Let p(f) = 12*f**3 - 3*f**2 - 20*f + 21. Let v(h) = -5*h**3 + 2*h**2 + 10*h - 10. Let t(y) = -2*p(y) - 5*v(y). Give t(6).
20
Let f(y) be the third derivative of y**6/360 - y**5/120 + 5*y**4/3 + 37*y**2. Let d(u) be the second derivative of f(u). What is d(4)?
7
Let h(f) = -f**3 - 6*f**2 + 2*f + 8. Let w be h(-6). Let g(i) be the third derivative of i**5/60 + i**4/8 + i**3/3 - 23*i**2. What is g(w)?
6
Let z(k) = -k + 12. Let m(x) = -x**3 - 8*x**2 - x + 54. Let p be m(-7). Calculate z(p).
0
Let a = -111 - -134. Let u = 23 - a. Let j(t) = -t**3. What is j(u)?
0
Let h be -27*((-3)/9 - 0). Let c = -9 + h. Let m(r) = 3*r**3 - 3*r**2 + c*r**2 - 3*r - 2*r**3 + 0*r**2 - 3. Determine m(3).
-12
Let u(j) be the first derivative of -2*j**3/3 + 2*j**2 + 4*j + 49. Determine u(-4).
-44
Let p(q) = -3*q - 5. Let y(j) = -8*j - 14. Let a(w) = -17*p(w) + 6*y(w). Suppose 4*i - 21 + 5 = 0. Suppose -i*x + x - 9 = 0. What is a(x)?
-8
Let u = 34 + -39. Let g(q) = q**3 + 4*q**2 - 5*q - 4. Let r be g(u). Let b(i) = -i**2 - 4*i - 2. Determine b(r).
-2
Let r = -3632 + 3637. Let o(d) be the first derivative of -d**2/2 + 6*d - 2. Determine o(r).
1
Let i(l) = l**3 + 3*l**2 + 5. Let q = -101 - -141. Suppose -15 = 4*u + 5*p, 5*p - q - 15 = 3*u. Let k = 6 + u. Calculate i(k).
-11
Let i = 1626 - 1627. Let w(f) = 7*f**2 - 3*f - 4. Determine w(i).
6
Let y(s) = -8*s - 22. Let i(t) = -7*t - 19. Let f(h) = -5*i(h) + 4*y(h). Calculate f(-8).
-17
Let x = -347 + 182. Let o be (-12)/(-5) - (-11)/(x/6). Let r(v) = -4*v. Give r(o).
-8
Suppose 10 = -10*g - 40. Let p(s) = -3*s - 9. Let f(r) = r + 3. Let y(v) = 7*f(v) + 2*p(v). What is y(g)?
-2
Let w(z) be the third derivative of z**6/120 + z**5/60 - z**4/12 + z**3/6 + 80*z**2. Suppose 4*u - 9 + 21 = 0. Determine w(u).
-11
Suppose -3*k - 132 = 4*w, 3*w + 5*k + 80 = w. Let v be w/(-18)*(-36)/(-10). Let o(a) = -a + 3. What is o(v)?
-3
Let c(u) = u**3 + 9*u**2 - 11*u - 12. Suppose 31 = -6*o - 29. Determine c(o).
-2
Let c(h) = -13*h + 26*h - 20*h + 1 + 3. What is c(-6)?
46
Let h(r) = -r + 5 + 2*r + 3. Let s = -37 + 30. Give h(s).
1
Let g(j) = -j**2 - 4*j. Let r be 3 - 4 - (9 + -4). Let l be (r/10)/((-3)/15). Suppose -3 - 5 = 4*t + 4*u, -4*t - 11 = l*u. Calculate g(t).
-5
Let c be (4*(-2)/10)/((-8)/20). Let o(n) = -1 + n + 1 - 1. Let h(l) = -3*l**2 - 3*l + 3. Let q(i) = -h(i) - 4*o(i). What is q(c)?
11
Let m(o) = -9*o - 3. Let v(n) = -3*n - 1. Let j be -1*((-3)/(